{"id":19,"date":"2014-03-10T20:32:14","date_gmt":"2014-03-10T20:32:14","guid":{"rendered":"http:\/\/www.cssigniter.com\/preview\/santorini\/?page_id=19"},"modified":"2025-04-08T19:53:13","modified_gmt":"2025-04-08T19:53:13","slug":"booking","status":"publish","type":"page","link":"http:\/\/www.campingperce.com\/web\/?page_id=19","title":{"rendered":"R\u00e9servation"},"content":{"rendered":"<p>Magnifiquement situ\u00e9 face \u00e0 la mer, \u00e0 proximit\u00e9 des restaurants et des services, l&rsquo;endroit offre une vue fantastique sur le Rocher Perc\u00e9 et l&rsquo;\u00eele Bonaventure d&rsquo;o\u00f9 vous pourrez observer et entendre le souffle des baleines.<\/p>\n<p>Depuis son ouverture en 1963, le Camping La C\u00f4te Surprise accueille chaleureusement de nombreux visiteurs en provenance d&rsquo;Europe, des \u00c9tats-Unis et du Canada.<\/p>\n<p>Les responsables de l&rsquo;\u00e9tablissement effectuent une mise \u00e0 niveau annuelle de leurs \u00e9quipements. De la tente au motoris\u00e9, les amateurs de camping y trouveront l&rsquo;endroit id\u00e9al pour des vacances bien m\u00e9rit\u00e9es.<\/p>\n<p data-pm-slice=\"1 3 []\">R\u00e9servation en tout temps via notre site web cliquer ICI :<\/p>\n<p><a class=\"btn\" href=\"http:\/\/secure.reservationcamping.ca\/cgi-bin\/reservation.cgi?camping_id=e5c6d9485a0da119d00b1550bd&amp;ar=1\" target=\"_blank\" rel=\"noopener\">R\u00e9servations en ligne\u00a0<\/a><\/p>\n<p>Map du camping cliquer ICI :<\/p>\n<p><a href=\"http:\/\/www.campingperce.com\/web\/wp-content\/uploads\/2025\/01\/Map-du-camping.pdf\">Map du camping<\/a><\/p>\n<p>INFORMATIONS IMPORTANTES<\/p>\n<p>pour les tentes. Deux options s&rsquo;offrent \u00e0 vous :<\/p>\n<ul>\n<li>Pour les sites sans services, veuillez-vous pr\u00e9senter \u00e0 partir de 10 hrs le jour m\u00eame<\/li>\n<li>Pour les sites de tentes avec \u00e9lectricit\u00e9 et eau r\u00e9server sur notre site web les sites de 19 B \u00e0 45 B<\/li>\n<\/ul>\n<p>Pour les campers van style Westfalia. Trois options :<\/p>\n<ul>\n<li>Site de r\u00e9servation en ligne avec services<\/li>\n<li>Site e r\u00e9servation en ligne sans services<\/li>\n<li>Arriv\u00e9 le jour m\u00eame \u00e0 partir de 10 hrs pour un site sans service<\/li>\n<\/ul>\n","protected":false},"excerpt":{"rendered":"<p>Magnifiquement situ\u00e9 face \u00e0 la mer, \u00e0 proximit\u00e9 des restaurants et des services, l&rsquo;endroit offre une vue fantastique sur le Rocher Perc\u00e9 et l&rsquo;\u00eele Bonaventure d&rsquo;o\u00f9 vous pourrez observer et entendre le souffle des baleines. Depuis son ouverture en 1963, le Camping La C\u00f4te Surprise accueille chaleureusement de nombreux visiteurs[&#8230;]<\/p>\n","protected":false},"author":2,"featured_media":0,"parent":0,"menu_order":0,"comment_status":"open","ping_status":"open","template":"template-booking.php","meta":{"footnotes":""},"class_list":["post-19","page","type-page","status-publish","hentry"],"_links":{"self":[{"href":"http:\/\/www.campingperce.com\/web\/index.php?rest_route=\/wp\/v2\/pages\/19","targetHints":{"allow":["GET"]}}],"collection":[{"href":"http:\/\/www.campingperce.com\/web\/index.php?rest_route=\/wp\/v2\/pages"}],"about":[{"href":"http:\/\/www.campingperce.com\/web\/index.php?rest_route=\/wp\/v2\/types\/page"}],"author":[{"embeddable":true,"href":"http:\/\/www.campingperce.com\/web\/index.php?rest_route=\/wp\/v2\/users\/2"}],"replies":[{"embeddable":true,"href":"http:\/\/www.campingperce.com\/web\/index.php?rest_route=%2Fwp%2Fv2%2Fcomments&post=19"}],"version-history":[{"count":18,"href":"http:\/\/www.campingperce.com\/web\/index.php?rest_route=\/wp\/v2\/pages\/19\/revisions"}],"predecessor-version":[{"id":479,"href":"http:\/\/www.campingperce.com\/web\/index.php?rest_route=\/wp\/v2\/pages\/19\/revisions\/479"}],"wp:attachment":[{"href":"http:\/\/www.campingperce.com\/web\/index.php?rest_route=%2Fwp%2Fv2%2Fmedia&parent=19"}],"curies":[{"name":"wp","href":"https:\/\/api.w.org\/{rel}","templated":true}]}}